{"id":332,"date":"2020-10-17T10:03:07","date_gmt":"2020-10-17T10:03:07","guid":{"rendered":"https:\/\/lipe.si\/trgovina\/?post_type=product&#038;p=332"},"modified":"2021-11-03T09:20:02","modified_gmt":"2021-11-03T09:20:02","slug":"soncnicno-olje-500ml","status":"publish","type":"product","link":"https:\/\/lipe.si\/trgovina\/product\/soncnicno-olje-500ml\/","title":{"rendered":"Son\u010dni\u010dno olje (500ml)"},"content":{"rendered":"<p class=\"p1\"><span class=\"s1\">Hladno stiskano son\u010dni\u010dno olje je odli\u010dno <b>za pripravo marinad, solat, namazov, smutijev<\/b> in drugih <b>hladnih jedi<\/b>, saj je blagega okusa, hkrati pa se pona\u0161a z bogato granilno vrednostjo.<\/span><\/p>\n<p class=\"p1\"><span class=\"s1\"><b>Pri pripravi toplih jedi<\/b> se hladno stiskano son\u010dni\u010dno olje doda v zadnji fazi priprave, saj ni primerno za segrevanje na visoki temperaturi.<\/span><\/p>\n<p class=\"p1\"><span class=\"s1\">Uporabno je kot <b>masa\u017eno olje<\/b>, saj <b>pospe\u0161uje cirkulacijo<\/b>, <b>zmanj\u0161uje napetost v sklepih<\/b>, vsebnost karotenoidov pa poskrbi za <b>lep\u0161i tonus ko\u017ee<\/b>.<\/span><\/p>\n<p class=\"p1\"><span class=\"s1\">Distribucijo EKO proizvodov nadzira SI-EKO-002. Kmetijstvo EU.<\/span><\/p>\n<p class=\"p3\"><span class=\"s1\">Sestavine: Hladno stiskano son\u010dni\u010dno olje<br \/>\n<\/span><span class=\"s1\">Neto koli\u010dina: 1 l<br \/>\n<\/span><span class=\"s1\">Poreklo: Slovensko<\/span><\/p>\n","protected":false},"excerpt":{"rendered":"<p class=\"p1\"><span class=\"s1\">Son\u010dni\u010dno olje ima v dana\u0161njem \u010dasu <b>slab prizvok predvsem zaradi industrijske pridelave<\/b>, kjer z namenom podalj\u0161anja obstojnosti ter pridobitve odpornosti na visoke temperature, uni\u010dijo njegovo bogato sestavo. <\/span><\/p>\n<p class=\"p1\"><span class=\"s1\">Pravo nasprotje temu, je <b>hladno stiskano son\u010dni\u010dno olje<\/b>, pridobljeno iz ekolo\u0161ko pridelanih son\u010dni\u010dnih semen, ki so vir<b> nenasi\u010denih ma\u0161\u010dobnih kislin, vitaminov in mineralov<\/b>. <\/span><\/p>\n<p class=\"p1\"><span class=\"s1\">Son\u010dni\u010dna semena so se v ljudski medicini uporabljala <b>za zdravljenje vnetega grla<\/b> in ka\u0161lja. Med rastlinskimi olji je son\u010dni\u010dno olje <b>v samem vrhu lestvice vsebnosti<\/b> <b>vitamina E<\/b>, ki poskrbi za <b>lep\u0161o ko\u017eo<\/b>, zmanj\u0161uje tveganje za nastanek <b>sr\u010dno-\u017eilnih bolezni<\/b>, <b>sive mrene <\/b>in celo <b>nekaterih vrst raka<\/b>.<\/span><\/p>\n<p><img loading=\"lazy\" class=\"\" src=\"https:\/\/lipe.si\/trgovina\/wp-content\/uploads\/2020\/10\/ekobio_2.jpg\" width=\"203\" height=\"99\" \/><\/p>\n","protected":false},"featured_media":333,"comment_status":"open","ping_status":"closed","template":"","meta":[],"product_cat":[45,77],"product_tag":[],"_links":{"self":[{"href":"https:\/\/lipe.si\/trgovina\/wp-json\/wp\/v2\/product\/332"}],"collection":[{"href":"https:\/\/lipe.si\/trgovina\/wp-json\/wp\/v2\/product"}],"about":[{"href":"https:\/\/lipe.si\/trgovina\/wp-json\/wp\/v2\/types\/product"}],"replies":[{"embeddable":true,"href":"https:\/\/lipe.si\/trgovina\/wp-json\/wp\/v2\/comments?post=332"}],"wp:featuredmedia":[{"embeddable":true,"href":"https:\/\/lipe.si\/trgovina\/wp-json\/wp\/v2\/media\/333"}],"wp:attachment":[{"href":"https:\/\/lipe.si\/trgovina\/wp-json\/wp\/v2\/media?parent=332"}],"wp:term":[{"taxonomy":"product_cat","embeddable":true,"href":"https:\/\/lipe.si\/trgovina\/wp-json\/wp\/v2\/product_cat?post=332"},{"taxonomy":"product_tag","embeddable":true,"href":"https:\/\/lipe.si\/trgovina\/wp-json\/wp\/v2\/product_tag?post=332"}],"curies":[{"name":"wp","href":"https:\/\/api.w.org\/{rel}","templated":true}]}}