{"id":360,"date":"2020-10-17T12:08:36","date_gmt":"2020-10-17T12:08:36","guid":{"rendered":"https:\/\/lipe.si\/trgovina\/?post_type=product&#038;p=360"},"modified":"2021-12-09T11:52:17","modified_gmt":"2021-12-09T11:52:17","slug":"mesan-zeliscni-caj","status":"publish","type":"product","link":"https:\/\/lipe.si\/trgovina\/product\/mesan-zeliscni-caj\/","title":{"rendered":"Me\u0161an zeli\u0161\u010dni \u010daj"},"content":{"rendered":"<p class=\"p1\"><span class=\"s1\"><b>Bezeg<\/b><\/span><b> <\/b><span class=\"s1\">(Sambucus nigra)<\/span><b> <\/b><span class=\"s1\">cveti od maja do junija. Cvetovi se v ljudski medicini uporabljajo za pripravo \u010daja, ki je znan kot naravna pomo\u010d pri povi\u0161ani telesni temperaturi ter zdravljenju vnetij in prehlada, saj pospe\u0161uje odvajanje vode iz telesa. <\/span><\/p>\n<p class=\"p1\"><span class=\"s1\"><b>Kamilica <\/b>(Chamomilla recutita) slovi po pomirjevalnem u\u010dinku. Blagodejno vpliva na razdra\u017een \u017eelodec, pomaga pri prebavnih motnjah ter obolenjih ledvic. Zaradi njenega protivnetnega delovanja jo \u017ee od nekdaj uporabljajo za spiranje ran, opeklin in drugih po\u0161kodb.\u00a0<\/span><\/p>\n<p class=\"p3\"><span class=\"s1\"><b>Meta <\/b>(Mentha piperita) je izjemno aromati\u010dno zeli\u0161\u010de z antisepti\u010dnim delovanjem. V obliki poparka se uporablja pri laj\u0161anju te\u017eav z dihali in vzdr\u017eevanju ustne higiene. Pomaga pri te\u017eavah s prebavo in laj\u0161a simptome predmenstrualnega sindroma.<\/span><\/p>\n<p class=\"p1\"><span class=\"s1\"><b>Rman<\/b> (Achillea millefolium) je kot zeli\u0161\u010de uporaben v celoti, a za pripravo \u010daja najpogosteje uporabljamo cvetove, ki so v resnici socvetje. Pomaga pri odpravljanju \u017eelod\u010dnih te\u017eav in kr\u010dev, spodbuja metabolizem, pomirja in deluje proti nespe\u010dnosti. Priljubljen je med diabetiki, ker uravnava krvni sladkor, mnogi pa ga uporabljajo tudi za spiranje ran, pomiritev razdra\u017eene ko\u017ee pri dojen\u010dkih in spiranje ustne votline pri vnetem grlu. <\/span><\/p>\n<p class=\"p1\"><span class=\"s1\"><b>\u017dajbelj <\/b>(Salvia officinalis) se kot zdravilno zeli\u0161\u010de najpogosteje uporabla v obliki poparka. Pri vnetju grla in ustne votline je priporo\u010dljivo grgranje, pitje \u017eajbljevega \u010daja pa laj\u0161a simptome vnetja trebu\u0161ne slinavke in prebavnega trakta. Znani so tudi pozitivni u\u010dinki na centralno-\u017eiv\u010dni sistem, sicer pa je \u017eajbej kot za\u010dimba uporaben predvsem pri pripravi mesnih jedi in razli\u010dnih omak. <\/span><\/p>\n<p class=\"p3\"><span class=\"s1\">Sestavine: Me\u0161anica zeli\u0161\u010d (bezeg, kamilica, meta, rman \u017eajbelj) v spremenljivih dele\u017eih<br \/>\n<\/span><span class=\"s1\">Neto koli\u010dina: 30g<br \/>\n<\/span><span class=\"s1\">Poreklo: Slovensko<\/span><\/p>\n","protected":false},"excerpt":{"rendered":"<p class=\"p1\"><span class=\"s1\">Na zraku su\u0161ena zeli\u0161\u010da z doma\u010de kmetije, tvorijo harmonijo me\u0161anega zeli\u0161\u010dnega \u010daja Lipe. Kombinacija petih zeli\u0161\u010d s svojo aromo blagodejno vpliva na po\u010dutje in krepi imunski sistem.<\/span><\/p>\n","protected":false},"featured_media":361,"comment_status":"open","ping_status":"closed","template":"","meta":[],"product_cat":[81,45],"product_tag":[],"_links":{"self":[{"href":"https:\/\/lipe.si\/trgovina\/wp-json\/wp\/v2\/product\/360"}],"collection":[{"href":"https:\/\/lipe.si\/trgovina\/wp-json\/wp\/v2\/product"}],"about":[{"href":"https:\/\/lipe.si\/trgovina\/wp-json\/wp\/v2\/types\/product"}],"replies":[{"embeddable":true,"href":"https:\/\/lipe.si\/trgovina\/wp-json\/wp\/v2\/comments?post=360"}],"wp:featuredmedia":[{"embeddable":true,"href":"https:\/\/lipe.si\/trgovina\/wp-json\/wp\/v2\/media\/361"}],"wp:attachment":[{"href":"https:\/\/lipe.si\/trgovina\/wp-json\/wp\/v2\/media?parent=360"}],"wp:term":[{"taxonomy":"product_cat","embeddable":true,"href":"https:\/\/lipe.si\/trgovina\/wp-json\/wp\/v2\/product_cat?post=360"},{"taxonomy":"product_tag","embeddable":true,"href":"https:\/\/lipe.si\/trgovina\/wp-json\/wp\/v2\/product_tag?post=360"}],"curies":[{"name":"wp","href":"https:\/\/api.w.org\/{rel}","templated":true}]}}